digit of n?
7
Suppose -4 = 4*h, 2*h + 2*h = 5*j - 494. What is the tens digit of j?
9
Suppose -37 = -2*y + 3. What is the units digit of y?
0
Let i be (-1)/(-3 - (-23)/8). Let j = 11 - i. What is the tens digit of 7*2 + j/3?
1
Let q(i) = i**3 + 3*i**2 - 2*i - 3. What is the tens digit of q(3)?
4
Suppose -m = 2*u - 6, 2*u = -3*m - 2*u + 18. Let a(c) = -2 - c**2 + 2*c**2 - 4 - m*c. What is the units digit of a(7)?
1
Suppose 5*j + 3*o = 62, 3*j - 14 = 2*j + o. What is the units digit of j?
3
Let b = 21 + -13. Let y = b - 3. What is the units digit of y?
5
Let v(q) = q + 7. Let f(a) = -4*a**3 - 7*a**2 - 2*a - 3. Let k(d) = -d**3 + d. Let g(w) = -f(w) + 3*k(w). Let l be g(-6). What is the units digit of v(l)?
6
Suppose i - 2 = 2. Suppose -3 + 87 = i*k. What is the units digit of k?
1
What is the tens digit of (-6)/(-5)*2000/12?
0
Suppose 0 = b - 11 - 15. What is the units digit of b?
6
Let q(z) = -4 + 3*z - 8*z - 4. What is the units digit of q(-9)?
7
Suppose 0 = -5*q + 11 - 1. Let r(w) be the second derivative of w**4/12 - w**3/6 + w**2 + 3*w. What is the units digit of r(q)?
4
Suppose 30 = 2*n - 4*b, -b = 4*n - 22 - 11. Suppose -2*s + 16 = 2*s. Suppose s*r - 14 = -v, -r + v - 3 = -n. What is the units digit of r?
4
Let q(x) = x**2 - 6*x + 1. Suppose 8 = 2*l - 4. What is the units digit of q(l)?
1
Let a = -3 - -2. What is the tens digit of ((-5)/15)/(a/48)?
1
Let c be (-7 + -1)/((-6)/3). What is the units digit of (8 - 2)/(c/10)?
5
Suppose 2*k - 18 = -k. Suppose -5*f - 91 = -2*j, 2*f = -10 + 4. What is the units digit of 4/k + j/6?
7
Let b be 0*(-2 + 15/6). Let x = 7 - 3. Suppose b = -x*r - 15 + 67. What is the units digit of r?
3
Let x(t) = t + 7. Let a(m) = -4*m - 5. Let f(v) = 5*v + 6. Let g(y) = -6*a(y) - 5*f(y). Let b(q) = -5*g(q) - x(q). What is the units digit of b(7)?
1
Let f = -15 + 9. Let a(p) = -6*p - 12. What is the tens digit of a(f)?
2
Suppose -2*m + 2*j - 5*j + 51 = 0, 0 = -j - 1. Let z(a) = -a. Let g be z(6). What is the units digit of m/g*(-4)/3?
6
Let j(v) be the second derivative of v**5/20 + v**4/4 + v**3/6 - 4*v. Let l be j(-2). What is the units digit of (3 - l)/((-1)/(-1))?
1
Let v(b) = b**2 - 8. Let j be v(-6). Let m = j + -20. What is the units digit of m?
8
Let j(s) = s**3 + 7*s**2 + 4*s + 11. What is the units digit of j(-5)?
1
Let t(h) = 9*h - 3. Let z be t(2). Let u = z + -11. Suppose 0 = 3*n - u*v - 26, -3*n - 2*v - 1 - 3 = 0. What is the units digit of n?
2
Suppose -s + 6 = -p, -3*s - 4*p = -4 - 21. What is the units digit of s?
7
Let d(p) be the second derivative of p**6/120 - p**5/60 + p**3/2 + p**2/2 - 2*p. Let j(w) be the first derivative of d(w). What is the units digit of j(0)?
3
Suppose -w + 5*n + 0*n + 2 = 0, 4*w = -2*n + 8. What is the units digit of w?
2
Suppose 0*y - 18 = -y. Suppose 5*i = 2*i - 3*f + y, 2*f = -3*i + 18. What is the units digit of i?
6
Let a(x) = -x**3 + 8*x**2 - 5*x - 5. Suppose 0*d - 18 = d. Let q be 2*(-3)/(d/21). What is the units digit of a(q)?
9
Suppose 63 = -5*m - 3*k, 2*m - 6*k = -k - 19. Let i = m - -17. What is the units digit of i?
5
Let t(l) = 3*l**2 - 3*l - 1 + 0*l - l**3 - 4*l**2 + 6*l**2. What is the units digit of t(4)?
3
Let x be (-2)/(-5) + 56/10. Suppose -5*b = -14 - x. What is the units digit of 6*-1*b/(-6)?
4
Let o be (2/(-4)*-4)/1. Suppose p - 31 = -o*f, -2*f - f = 0. What is the units digit of p?
1
Suppose -b + 3*u + 6 = 0, 12 = b + 2*b - 3*u. Suppose b*v + 12 = 36. What is the units digit of v?
8
Suppose -2*n = -5*n + 249. What is the units digit of n?
3
What is the units digit of (-42)/(4/(-3)*3/2)?
1
Suppose 5*u = 4*u + 2. Suppose u*j - j = 37. Suppose 5*q = j + 8. What is the units digit of q?
9
Let b be ((-14)/4)/(4/8). Let y = 11 + b. What is the units digit of y?
4
Let o = 16 + -4. Suppose 2*j + 3*j = -30. Let m = o + j. What is the units digit of m?
6
Suppose -4*h + 5*b - 37 = 0, -h + 5*b - 3*b - 13 = 0. Let n(m) be the second derivative of -5*m**3/6 + 3*m**2/2 - 10*m. What is the tens digit of n(h)?
1
Let q(r) be the third derivative of r**6/120 - r**5/12 + r**4/24 + 2*r**3/3 + 2*r**2. Let u be 10*2/(2 + 2). What is the units digit of q(u)?
9
Let y be ((-4)/(-10))/((-1)/(-10)). Let i(x) = -x**2 + 8*x + 3. Let b be i(8). Suppose 0 = -2*u - b*h + 11, -3*h - 5 - 44 = -y*u. What is the tens digit of u?
1
Suppose -3*x + 23 = -a, -3*a + 1 - 6 = -x. Suppose k = 5*k - x. What is the units digit of k?
2
Let i(s) = s + 8. Let n be i(-4). Suppose -n*p + 10 = -38. What is the tens digit of p?
1
Suppose -5*l + 74 = 14. Let p = l + -5. What is the units digit of p?
7
Suppose -5*t = a - 86, -3*t + 3*a = 2*t - 82. What is the units digit of t?
7
Let a be ((-12)/(-30))/(2/(-10)). Let b be (10/25)/(a/(-10)). What is the units digit of b/12 - 82/(-12)?
7
Let b be (-16)/10*(-90)/(-12). What is the units digit of (b/15)/((-4)/20)?
4
Suppose -4*y = y - 20. Let g be 10/(-45) - (-112)/18. Suppose -g = y*v - 5*v. What is the units digit of v?
6
Let g = -74 + 120. What is the tens digit of g?
4
Let c(a) = -10 - a - 1 + 9*a. What is the units digit of c(5)?
9
Let j(b) = -4 + 4*b + 0*b - 6*b + 3*b. What is the units digit of j(8)?
4
Let m(a) = -a**3 - 11*a**2 - 9*a + 14. Let l be m(-10). Suppose -l*n = -2 + 14. What is the units digit of (-16)/n + 4/(-12)?
5
Let m = 84 - 56. What is the units digit of m?
8
Let y be (-2)/(-8) + 93/12. Let s = -6 + y. Suppose s*t + 3*n - 20 = 2*n, 0 = 3*t - 2*n - 30. What is the units digit of t?
0
Let u = 210 + -128. What is the units digit of u?
2
Let g(x) = -x + 5. What is the units digit of g(-9)?
4
Suppose 0 = -7*m - 749 + 2576. What is the units digit of m?
1
Let g(n) = -13*n + 6. What is the units digit of g(-7)?
7
Suppose -4*h = -12, 3*n - h = -2*h. Let y = n + -2. What is the units digit of 3*6/(-9)*y?
6
Suppose -58 = -3*x + 38. Let n be (x/(-12))/((-4)/6). Suppose -n*w - v + 23 = -w, -3*v - 9 = -4*w. What is the units digit of w?
6
Let j = 59 - -35. What is the units digit of j?
4
Let h = -5 - 0. Let b = h + 5. Suppose b*j = j - 5. What is the units digit of j?
5
Suppose -18 = -z - 2*z. Suppose -5*f - 16 = a, f = -f + 2*a - 16. Let n = f + z. What is the units digit of n?
2
Let c(b) = -b**3 + 8*b**2 + b + 4. Let x be c(8). Let u = 22 - x. What is the units digit of u?
0
Suppose 2 = -2*g - 4*w, -3*g - w - 4*w = 3. Let k be (-2 - -5)/(2/(-2)). Let c = g - k. What is the units digit of c?
2
Let t be (-16)/(-6)*(-3)/(-2). Let j = 5 - t. Let u = 0 + j. What is the units digit of u?
1
Let s(j) = -3*j - 7*j**2 + 6*j**2 + 4*j + 30. What is the tens digit of s(0)?
3
What is the tens digit of 104 + -1*-2*6/(-3)?
0
Let i be 93/(-4) - 3/(-12). Let x = i - -48. Suppose -5*a + 3*p = -40, 3*a + 1 = 3*p + x. What is the units digit of a?
8
Let d(n) = -8*n - 2. Let q be d(2). What is the units digit of 1/(-2 + (-39)/q)?
6
Suppose 10*u = 13*u - 192. What is the units digit of u?
4
Suppose 2*m + 0 = 4*g + 26, -5*g + 4*m = 40. Let a be (-1)/g - 2/8. Suppose 3*x - 6 = -a. What is the units digit of x?
2
Suppose 0 = -5*m + 2*m + 18. Suppose -5*w = -9 - m. What is the units digit of w?
3
What is the tens digit of -4 - (-7 - -3) - -48?
4
Let a = 7 - 6. Let d(o) = 15*o + 1. What is the units digit of d(a)?
6
Suppose 3 = -3*j + 6*j. Let f = 5 + j. Let d(m) = -m**3 + 6*m**2 + m - 3. What is the units digit of d(f)?
3
Let s(c) = c**2 + 5*c - 6. Let k(l) = 7*l**3. Let i be k(-1). What is the units digit of s(i)?
8
Let z(u) be the second derivative of 0*u**3 + 0 + 2/3*u**4 - u + 1/2*u**2 + 1/20*u**5. What is the units digit of z(-8)?
1
Let m = 68 + -34. What is the tens digit of m?
3
Let y be (27/6)/(2/12). Suppose 8 = 5*x - y. What is the units digit of x?
7
Suppose c + 0*l + 5*l = 44, -l - 66 = -2*c. What is the units digit of c?
4
Let n(i) = i**2 + 6*i - 9. Suppose 2*u = 10, -51 = 4*b - 4*u + 5. What is the units digit of n(b)?
8
Suppose -6*h = -10*h + 224. What is the tens digit of h?
5
Let g = -4 + 7. Suppose 0 = g*b - 4*b + 6. What is the units digit of b?
6
Suppose -4*m = -1110 + 174. What is the hundreds digit of m?
2
Suppose 0 = 4*y + y - 160. What is the units digit of y?
2
Suppose -2*k + 8 = -u - 2*u, 16 = -2*u + 4*k. Let g(s) = s + 1. What is the units digit of g(u)?
1
Suppose 0 = 20*f - 24*f + 240. What is the units digit of f?
0
Suppose -g + 1 = -4*y + 2,